t y be k(-7). Suppose 4*f = -4*t + 12, y*t + 4*f - 6 = -2*t. Is t a prime number?
True
Let o = 11 - -65. Let f = 125 - o. Is f prime?
False
Let l be (-72 + (4 - 3))*-1. Let b = 56 + l. Is b a composite number?
False
Suppose -3*l + 1600 = l. Suppose 5*b - l + 75 = 0. Is b composite?
True
Suppose 4*h = 3*h - 277. Let r = -114 - h. Is r composite?
False
Let i be 4838/12 - (-1)/(-6). Let c = i + -218. Is c composite?
True
Suppose 4*w - 4 = 2*w. Let p be 1/((w/65)/2). Let k = p + -16. Is k prime?
False
Let a(m) be the second derivative of -m**3/6 - 5*m**2/2 + 3*m. Let p be a(-9). Suppose -y + p = y. Is y composite?
False
Suppose -2*p + 5*p - 5*y = -3, p = 4*y - 8. Let r(d) = 6*d - 2*d - 3*d - 6*d - p. Is r(-5) a composite number?
True
Suppose 4*h - 5 - 7 = 0. Let m(s) = s**3 + 2*s**2 + 3*s + 1. Let l be m(h). Suppose 3 = -4*w + l. Is w composite?
False
Suppose 5*g - 2*u = 1119, -4*u - 900 = -7*g + 3*g. Is g composite?
False
Suppose -3*l = 2*l. Suppose 2*i - s - 7 = 0, 0 = -3*i - l*i + 2*s + 9. Suppose -i*q = -0*q - 70. Is q a composite number?
True
Let r = 4 + 0. Let x(l) = -r*l - 6 + l - 1. Is x(-6) prime?
True
Let c = 1901 - 928. Is c a composite number?
True
Let l be (-6 + 0)*1/(-3). Suppose -3*t + 4 = -l*t. Suppose -3*n + 281 = 5*x - 7*n, t*x = 2*n + 220. Is x composite?
False
Suppose -22*a + 18*a + 748 = 0. Is a prime?
False
Let k(w) = 6*w + 19. Is k(13) a composite number?
False
Let z(t) = -t**3 - 2*t**2 + 5. Let l = 2 - 2. Suppose -g + l*g - 4 = 0. Is z(g) a prime number?
True
Let b(w) = w**3 + 9*w**2 - 4*w - 13. Is b(-9) a composite number?
False
Suppose 3*h - 5*s = -19, 5*h + s + 27 = -14. Let x(i) = i**2 - 1 + 0*i**2 + 2*i - 10. Is x(h) a composite number?
False
Let m be 14/6 + (-6)/18. Let s be -12*-1*1/m. Let x(r) = 6*r - 1. Is x(s) prime?
False
Suppose a = -0*a + 124. Let q = -59 + a. Suppose 3*d = -0*g - 2*g + q, -g - 30 = -d. Is d a composite number?
True
Suppose 3*y = 2885 + 196. Is y composite?
True
Let t(h) be the third derivative of -h**4/4 - 5*h**3/3 + 4*h**2. Is t(-6) a composite number?
True
Let n = 0 + 3. Suppose 16 = 2*f + n*f - 2*v, f = 2*v. Suppose f*p - 236 = a, -p + 128 = p - 3*a. Is p composite?
True
Suppose 4*o = 6*o + 90. Let f = -2 - -3. Is (o - -3)*f/(-2) composite?
True
Suppose 5*m = 3*q + 3*m - 6051, 2025 = q + 2*m. Is q prime?
False
Let a = -6 + 15. Let h(b) = 3 + 0 + a*b + 4*b - b. Is h(3) prime?
False
Let f be 5/((-1 - 1)/(-2)). Suppose -f*n + 3*m - 27 = m, n - 5*m + 10 = 0. Let y(g) = -4*g + 5. Is y(n) composite?
True
Suppose -636 = 4*m - 4*j, -m + 156 = -2*m + 2*j. Let g = -24 - m. Suppose 3*d + 20 = p - 44, -4*d + g = 2*p. Is p a composite number?
False
Suppose -3*i + 8*i + 95 = 0. Let h be (-6)/18 - (-70)/(-6). Let d = h - i. Is d a prime number?
True
Suppose 2*h + 5*y = 3, 5*y - 2 - 3 = 0. Let g be h/(-1) + 15/(-5). Let r = 11 - g. Is r a prime number?
True
Suppose -g - 12 = -4*g. Suppose 160 = 4*u + 2*d, 26 = 2*u - u + g*d. Let l = 5 + u. Is l prime?
True
Let a(t) = -23*t**3 - 2*t**2 + 1. Suppose 61 = 5*m - 4*p, -m + 4*p + 12 = -13. Let i = 7 - m. Is a(i) a prime number?
False
Is -4 + (0 - 345)/(-3) prime?
False
Is (0 - 1)/(4692/(-4691) + 1) a prime number?
True
Let r(n) = -4*n**3 - n**2 - 5*n - 6. Is r(-4) a composite number?
True
Suppose -3*t - 4 = -5*t. Suppose 3*d - 19 = t*d. Let l = d + -4. Is l a composite number?
True
Let b = -7 - -9. Let o(q) = 29*q**2 - 2*q + 1. Let a be o(b). Suppose 2*s = s + a. Is s prime?
True
Is ((-7)/14*-2)/((-1)/(-127)) a prime number?
True
Let o(y) be the second derivative of 9*y**5/20 - y**4/4 - 2*y**3/3 - 3*y**2/2 + 3*y. Let v be o(-2). Let p = -26 - v. Is p prime?
True
Let r(q) = 58*q - 5. Is r(2) a composite number?
True
Let n = 9 + -3. Let z = n + 45. Is z a composite number?
True
Let i be 69*(16/6 + 0). Suppose 3*m + 257 = 3*a + 8*m, 3*m = 2*a - i. Is a a composite number?
False
Let k(h) = 10*h**2 + h + 1. Let w(u) = -2*u**2 + 2*u - 2 + 0 + 1. Let j be w(1). Is k(j) a prime number?
False
Let l(u) = -u**3 + 91. Let n be l(0). Suppose t + 29 = 3*t - 3*p, 5*p = -4*t + n. Is t prime?
True
Let o be (-3)/(1 - (1 - -1)). Suppose -d = -o*d. Suppose -3*v = d, 5*f - 6*v = -4*v + 230. Is f prime?
False
Suppose 5*u = 0, 3*b - u + 1 = 268. Let o = -36 + b. Is o a prime number?
True
Let a(f) = 41*f**2 + 8*f - 12. Is a(7) a prime number?
True
Let r(k) = k**3 + 2*k**2 - 2*k - 2. Let h be r(-2). Is (-1 + (-406)/(-4))*h prime?
False
Suppose 2*f = 2*r + 2 - 4, 3*r = -3*f + 27. Let i(s) = -2 + 1 - 2*s + s**2 + 3. Is i(f) a prime number?
False
Is ((-2716)/(-6 + 2))/1 a composite number?
True
Let j = 61 + -20. Let t(f) = -4*f + 1. Let m be t(-1). Suppose -15 = -k - k - 3*u, -m*u - j = -4*k. Is k prime?
False
Let r(f) = -7*f - 7. Let o(t) = 6*t + 8. Let y(d) = -4*o(d) - 3*r(d). Is y(-16) a prime number?
True
Let d(r) = r**3 - 7*r**2 + 4*r + 7. Let h be d(6). Let q = 17 - h. Is q a prime number?
False
Suppose 2 = -j + 7. Suppose 0 = 4*k + j*z - 279 - 9, 4*k - 5*z - 328 = 0. Is k a composite number?
True
Let g be -3*-8*1/(-6). Let h(v) = -v**3 - 3*v**2 + 3*v + 1. Let k be h(g). Suppose -k*j + 122 = -133. Is j composite?
True
Let t = 113 - 48. Is t composite?
True
Let b be (3/(-2))/((-1)/4). Suppose -a = -b - 161. Is a composite?
False
Suppose 0*y = -y + 50. Let k = y - 13. Is k a prime number?
True
Suppose -4*l + 5*l = -18. Let s = l + 48. Suppose v - 23 = s. Is v a composite number?
False
Suppose -2*u - 2*b + 6006 = -0*b, 3*b = -6. Is u prime?
False
Suppose -9*c + 6*c = -6. Suppose 4*n + c*p - 736 = 0, -2*n - 3*n + 3*p + 931 = 0. Is n a composite number?
True
Let a = 3686 + -2187. Is a prime?
True
Let s = 192 + -115. Is s a composite number?
True
Let m = -7 - -7. Suppose m = -0*r + r - 205. Is r composite?
True
Is (1543/(-1))/(0 + -1) a composite number?
False
Suppose 40 = -4*h - 4. Let d = 12 - h. Suppose -t + 14 = -d. Is t composite?
False
Suppose -3*i + 5*u = -0*i - 164, -184 = -4*i - 2*u. Suppose 4*f + i = 8*f. Is ((-23)/2)/((-6)/f) a prime number?
True
Let d(f) = f**3 - 7*f**2 + f - 5. Let g be d(7). Suppose u - s - 85 = 0, s + g = 3. Suppose 3*z - 5*z + u = -4*i, -2*z + 3*i = -83. Is z composite?
False
Let d(a) = -3*a**3 - 6*a**2 + 3*a - 11. Is d(-5) a prime number?
True
Let m be 4/10 + (-114)/10. Let f = 50 - 29. Is (-7)/(-2 - f/m) prime?
False
Suppose -82 = -2*j - 12. Is j prime?
False
Let v(d) = -13*d**2 + d - 1. Let i be v(3). Let r be 2*3/2 - 972/12. Let m = r - i. Is m prime?
True
Let f(p) = 28*p**2 - 2*p + 1. Is f(5) a composite number?
False
Suppose 2*j - 6177 = -j. Is j composite?
True
Is ((-2463)/12)/((-3)/12) composite?
False
Let l = 2258 + 689. Is l a composite number?
True
Suppose 3*w - b - 9 = 0, -5*w = 5*b - 2 + 7. Suppose w*y - 89 = 9. Is y prime?
False
Suppose 0*r - 2*r = -4*d + 22, -25 = -5*d. Let g = r + 22. Is g a prime number?
False
Suppose 2225 = 7*g + 132. Is g composite?
True
Suppose -13*a = -12*a - 211. Is a composite?
False
Suppose 0 = -4*k - 4*a + 576, 2*k + a - 11 = 278. Is k prime?
False
Let t = 9 + -2. Suppose -3*y + 10 = -y - 2*x, x = -5*y + t. Suppose 120 = y*o + 34. Is o a composite number?
False
Let c = 13 - 11. Suppose 0*t - 2*y = -2*t + 384, 2*y + c = 0. Is t prime?
True
Let m = -852 + 1197. Suppose 3*l = -2*l + m. Is l composite?
True
Let m(p) = p**3 - 4*p**2 - 4*p - 3. Let c be m(5). Suppose 3*d = -2*d + 5*x + 255, c*d - 5*x - 90 = 0. Is d a composite number?
True
Let s(x) = -2*x + 5. Let o be s(5). Let b be (-3 - -2)/(o/25). Suppose -z = a + 2*z - 54, b*a = -3*z + 330. Is a a prime number?
False
Let a be ((-5)/(-10))/(2/12). Suppose -6*z + 2*z - a*j = -1487, 4*z + j = 1485. Is z prime?
False
Let g be (-8)/(-2) + -1 + -1. Suppose 5*o + g*p - 18 = 0, -18 = -o - 3*p - 4. Is 774/8 - o/(-8) prime?
True
Suppose 0*z + 320 = -2*z. Let p = -113 - z. Is p prime?
True
Let q = -54 + 1621. Is q a prime number?
True
Suppose -27578 + 1943 = -5*z. Is z composite?
True
Let u(a) = 84*a**2 - 5. Is u(2) a composite number?
False
Suppose -3*u = -5 - 1. Suppose -4*h + q = -23, q - 4*q = u*h - 15. Let a = h + 16. Is a a composite number?
True
Let f(i) = i**3 + 4*i**2 + 3*i. Let h = -7 - -4. Let q be f(h). Suppose -g - 3*y + 163 = q, -2*g = 3*g - 5*y - 815. Is g prime?
True
Let q(x) = x**2 + 12*x + 12. Let l be q(-10). Let k(z) = z**3 + 9*z**2 + 6*z - 11. Let b be